15) + (1 - -137). What is the greatest common factor of p and 462?
66
Let d = -4 + 16. Suppose g + 3*g - d = 0. Let m = 31 - g. What is the greatest common factor of 42 and m?
14
Let u = 188 - 170. Calculate the highest common divisor of 18 and u.
18
Suppose 0 = 3*s + 3*m - 135, -11*m = -7*m + 28. Let q = -17 - -43. Calculate the greatest common divisor of q and s.
26
Let a = -3 + 2. Let j be a/4 - (-186)/(-24). Let c = j + 12. What is the highest common divisor of c and 16?
4
Suppose -4 = -4*k, 5*v = -k - 287 + 78. Let l = -32 - v. What is the greatest common divisor of l and 10?
10
Let k(a) = 5*a**3 - 5 - 5 + 13 + a. Let c be k(2). Calculate the greatest common divisor of c and 5.
5
Let c be 18/5*15/9. Suppose -4*j = -5*l - 54, -3*j + 60 = 3*l + c. Calculate the highest common divisor of j and 4.
4
Suppose 3*q = 4*j + 58, -2*j - 2*j = -2*q + 44. Suppose -24*z + y = -21*z - 130, -2*z + 5*y = -104. What is the highest common factor of z and q?
14
Let h(x) = -x + 8*x - 33 + x. Let j be h(9). What is the highest common divisor of 13 and j?
13
Suppose 2*q + 294 = 4*y, 2*y - 2*q - 127 = 3*q. Suppose 12 = 2*k - 5*k, -7 = 3*w + k. Let x = w + y. Calculate the highest common factor of x and 15.
15
Let j be (-8)/(((-4)/(-22))/((-72)/24)). What is the highest common factor of j and 48?
12
Suppose 0 = -u + 5*u + 84. Let w = -17 - u. Suppose -14 = -5*k + 5*f - w, 5*k + 4*f - 19 = 0. Calculate the highest common divisor of 27 and k.
3
Suppose -3*n + 47*x = 50*x - 345, -3*x + 565 = 5*n. Calculate the highest common divisor of n and 44.
22
Suppose -5*c - 55 = -5*d, -5*c + 3*d - 70 + 7 = 0. Let m be 10/35 - 96/42. Let i be c/m*(-32)/(-20). Calculate the greatest common factor of 18 and i.
6
Suppose 4*r - 424 + 120 = 0. Let x(l) = -123*l + 42. Let y be x(-8). Let w be (-1)/(174/y + (-6)/27). What is the highest common factor of w and r?
19
Let a = -4 + 11. Let i(q) = q**3 - 8*q**2 + 12*q. Let r be i(6). Let v = 14 + r. What is the greatest common divisor of v and a?
7
Let w be 6/4*((-249)/(-9) + -7). What is the highest common divisor of 155 and w?
31
Suppose 92*u + 378 = 99*u. What is the greatest common factor of 6 and u?
6
Suppose 0 = -j - 2*l + 830 + 1692, 5*j + l = 12610. Calculate the greatest common divisor of 52 and j.
26
Let b = -2 + 23. Suppose 4*j - 4*k - 240 = 0, -3*j - j + k = -249. Calculate the greatest common factor of j and b.
21
Let d be 6*(1 - (-6)/(-9)). Let l = 12 - d. Let o be -5*(-60)/(-2)*(-1)/3. Calculate the greatest common factor of o and l.
10
Let j = 1667 - 1652. Suppose 0 = -b + a + 20, -3*b + 42 = a + 2. Calculate the greatest common divisor of j and b.
15
Let p(a) = 15*a**2 - 13*a + 13. Let m be p(1). Calculate the highest common factor of m and 66.
3
Let h = -113 - -201. Let s(l) = -155*l - 576. Let y be s(-4). Calculate the highest common factor of y and h.
44
Suppose 134*v - 117*v = 68. What is the highest common divisor of v and 12?
4
Let d(u) = -u**3 + 9*u**2 - 9*u + 9. Let i be d(6). Let p = 98 + -89. Calculate the greatest common divisor of i and p.
9
Let v(f) = f**3 + f**2 + f + 21. Let i be v(0). Suppose 5*w + 215 = -5*u - 0*u, -3*u + 3*w = 99. Let x = 80 + u. What is the highest common factor of i and x?
21
Suppose 120 = 2*y + 4*r, -4*r - 92 = -3*y + 88. What is the greatest common divisor of y and 40?
20
Suppose -25 = -8*j + 1375. What is the greatest common divisor of 7 and j?
7
Let z = -19 + 139. Suppose -14*d + 1162 = 11*d + 162. Calculate the highest common divisor of d and z.
40
Suppose -85*p + 69*p = -80. Suppose 3*w - 168 = 639. Suppose p*i - w = 31. Calculate the greatest common divisor of i and 12.
12
Let y be 28/(-3)*3/2. Let i be (10 + -2)*y/(-8). Let v = 137 - 81. What is the highest common factor of i and v?
14
Let r be 34*2/8 + 5/10. Calculate the greatest common divisor of 9 and r.
9
Let k(t) = 3*t**2 - 56*t + 28. Let g be k(20). Calculate the highest common factor of g and 24.
12
Suppose -16 = 4*r - 36. Let z be ((-12)/10)/((-591)/(-120) - r). What is the greatest common divisor of 32 and z?
16
Suppose 3*o = 3*n + 15, 4 = -5*n - 1. Suppose -4*y = 3*w + w - 248, 230 = o*w - 5*y. Calculate the greatest common divisor of 15 and w.
15
Suppose 0 = 609*l - 628*l + 152. What is the greatest common divisor of 9 and l?
1
Suppose -2*n = n. Suppose -2*t - 12 = 3*h + t, 3*h - 3*t - 12 = n. Suppose 5*v + h*v - 4 = w, -2*v - 4*w = -6. What is the greatest common factor of v and 9?
1
Let d = 852 - 397. What is the greatest common factor of 35 and d?
35
Suppose -s = -0*s - 6. Let z be 136/170 - 18/10 - -55. Calculate the highest common divisor of s and z.
6
Let k be -5*(1536/20)/(-6). Suppose -k = -o - o. Calculate the greatest common factor of o and 16.
16
Let s(y) = -20*y + 10. Let d be s(-2). Suppose -2*m + 26 = 4*c, -4*m - 4*c - 3 = -35. Suppose m*k - 20 = k. What is the highest common factor of d and k?
10
Suppose 5*o - 8*j - 582 = -5*j, 4*o = 5*j + 476. Calculate the highest common divisor of 608 and o.
38
Suppose 7*y - 236 = 254. What is the highest common divisor of 250 and y?
10
Let x(y) = 47*y + 36. Let i be x(9). Calculate the greatest common factor of i and 102.
51
Suppose -2 + 3 = h. Suppose -31 = -a - 10. Suppose -3 = -4*d + a. Calculate the highest common factor of h and d.
1
Let p(d) = 6*d - 3. Let h(i) = -i. Let s(u) = -6*h(u) + p(u). Let k be s(2). Suppose 0 = 14*g - 175 - 119. What is the greatest common factor of g and k?
21
Suppose 5*x = 2*d - 2, -x = 5*d - 0 - 5. Suppose x = 12*r - 5*r - 140. Calculate the greatest common factor of r and 10.
10
Suppose -1806 = o - 1845. Calculate the highest common factor of o and 1131.
39
Let u be ((-1)/(1*-1))/((-51)/(-2805)). What is the highest common divisor of u and 22?
11
Let c(o) = -o**3 - o - 2. Let s be c(0). Let d be (-2 - 0)/(1/s). Suppose -7*y + d*y = -96. Calculate the greatest common divisor of 80 and y.
16
Let u be 5 + -5 - (0 - 2). Let n be 0*(-1)/3 + u. Calculate the greatest common factor of n and 10.
2
Let k = 186 + -173. What is the highest common factor of 156 and k?
13
Let g be (-4)/2 + (-27)/(-9). Suppose -2*b = j - 10, 2*j - g - 1 = -b. Calculate the greatest common factor of 54 and b.
6
Suppose 54*q - 2*z = 59*q - 1535, -4*q = -3*z - 1251. What is the highest common divisor of q and 824?
103
Let l = -52 + 107. Let f be l/6 + (-7)/42. Calculate the greatest common divisor of 45 and f.
9
Let l(u) = -u**3 + u**2 + 7*u - 2. Let k be l(-4). Let g be 2/(-7) + (-142)/(-7). Calculate the highest common factor of k and g.
10
Let x be ((-152)/(-16) + -6)*14. What is the greatest common factor of 1 and x?
1
Let y(p) = 6*p + 51. Let b be y(6). What is the greatest common divisor of b and 6?
3
Let q be (-2)/((-10)/(-15)) - -48. Let n = 84 - q. What is the highest common factor of 351 and n?
39
Let a(o) = o**3 - 10*o**2 + 4*o + 48. Let c be a(11). What is the greatest common divisor of 142 and c?
71
Let b = 1310 - 707. Suppose -6*t + 202 = -728. Suppose 7*m - b = -t. Calculate the highest common divisor of 32 and m.
32
Suppose 0 = -2*s + 12 - 2. Let a = 37 - s. Calculate the highest common factor of a and 4.
4
Let f be 2/(-6)*(-25 + 1). Suppose -h + f - 40 = -5*v, 3*v - 8 = -5*h. Suppose 62*b - 67*b = -150. What is the greatest common factor of b and v?
6
Suppose -x = -3*x + 200. Let f be (-1)/((5 - 3) + -3). Let q be (8/6)/(f/30). What is the greatest common divisor of q and x?
20
Let q be -2 + (-3)/(12/(-8)). Let j = q - 0. Suppose 2*w - 121 = -j*t - t, t - 241 = -4*w. What is the highest common factor of 6 and w?
6
Suppose 2*o = 2*k + 18, 2*o + 3*k = -2*k + 25. Let x be ((-36)/o)/((-27)/360). Calculate the greatest common factor of 8 and x.
8
Let u be 19/(2223/(-26)) + 2207/9. Calculate the highest common factor of u and 35.
35
Let r be -10 + 990/105 + 6039/21. Calculate the greatest common factor of r and 123.
41
Let q = 332 - -331. Suppose -n - q = -5*n - 3*x, -n + 165 = x. Calculate the greatest common divisor of 48 and n.
24
Suppose 109 = -5*d + 6*d. Suppose 4*u - d = 499. What is the greatest common factor of 19 and u?
19
Let h be (-470)/(-13) + 26/(-169). Suppose 5*m - 42 = w + 3*w, 5*w + 2*m = -h. Let z be (-2)/w + 875/20. Calculate the greatest common divisor of 11 and z.
11
Let b(r) = r**3 + 13*r**2 - 40*r - 66. Let i be b(-8). Calcu